- v = -22. What is the greatest common divisor of 3 and u?
3
Suppose 43 - 1 = 7*a. Calculate the highest common factor of a and 4.
2
Suppose 3*i = 4*w - 105, w - 4*i = 4*w - 110. Calculate the greatest common divisor of w and 30.
30
Let t = 82 - -105. Suppose 2*y + y = 5*o + 18, 0 = -4*o. Let q(r) = 4*r - 7. Let g be q(y). Calculate the greatest common divisor of t and g.
17
Let g be 2/(-4) + (-11)/(-2). Let j(t) = t**2 - 4*t + 4. Let y be j(g). Calculate the greatest common divisor of 72 and y.
9
Let i = -6 + 8. Let o = i - -1. Let b = 0 + o. Calculate the highest common factor of b and 27.
3
Suppose -108 = 3*w + w. Let c = -18 - w. Suppose -5*j = -3*d + 2, d - 2 = 3*d - 4*j. What is the greatest common divisor of c and d?
9
Suppose 0 = 2*n - 3*n + 4*d + 162, 162 = n + 5*d. Suppose 0 = r - 0*r - 18. What is the greatest common divisor of n and r?
18
Let v = -14 + 19. Suppose -2*m - 3*m = v*y - 20, 6 = y - m. Calculate the highest common divisor of y and 40.
5
Let t = 15 + 0. What is the highest common divisor of t and 120?
15
Let j = 67 + -322. Let z be 2*(3 + j/(-6)). What is the greatest common divisor of z and 13?
13
Let v(o) = 1 - o - 4*o + o + 0*o. Let u be v(-2). What is the highest common factor of u and 1?
1
Suppose m = -3*u + 13, 0*m = 5*m + 2*u - 26. Suppose -o + 6 = -m. Suppose 7 = 5*y + q - 31, -2*y - 3*q = -o. What is the greatest common factor of 64 and y?
8
Suppose 3*m - 79 = -h, -5*m - 3*h = -4*m - 13. What is the greatest common divisor of 28 and m?
28
Suppose -4*s - s - 3*q = -152, 0 = -4*q + 16. Let t be (-2)/5 + 28/20. Let i be 10 + -1 + t*-2. Calculate the greatest common factor of s and i.
7
Suppose -1 = -c + 3. Let m be ((-117)/(-6))/(3/c). Suppose -32 = -3*i + 4*d, -3*i + 0 = -d - m. Calculate the greatest common factor of 64 and i.
8
Let q(j) = 2*j**2 + 6*j + 9. Let v be q(-3). Let z be 1/((-267)/135 - -2). What is the highest common divisor of z and v?
9
Suppose 6*r - 27 = -3*p + r, 2*r = 3*p - 6. Let d(z) = -z**2 + 2*z + 2. Let g be d(p). Let o be 2*-1 - (g - 59). What is the greatest common divisor of o and 7?
7
Let v be (-3)/((-1)/(-2) + -2). Suppose 44 = -v*a + 3*a. What is the highest common divisor of 4 and a?
4
Suppose 53 + 332 = 7*h. Calculate the greatest common factor of h and 22.
11
Let y be -75*(0 - 3*1/9). What is the highest common divisor of 15 and y?
5
Let c = -67 + 79. Suppose 4*r - 88 = -4*j, 0*j = 3*r - 3*j - 78. What is the greatest common factor of c and r?
12
Suppose -4 = -4*m + 24. Suppose -5 = -s + h, -2*s - 10 = -4*s - 5*h. Suppose -s*q + 0*q = -280. Calculate the greatest common factor of m and q.
7
Let u be (-112)/(-6)*(-18)/(-4). Let c be (160/25)/(1/5). Suppose -3*z = -c - 4. Calculate the greatest common factor of u and z.
12
Let z = -107 + 170. Let y = z - 23. Calculate the greatest common factor of 5 and y.
5
Suppose 5*c = 5*f - f + 152, -3*f = 2*c - 47. Let p be (30/4)/((-23)/((-5796)/27)). What is the highest common divisor of p and c?
14
Suppose -5*i + 124 = 44. Suppose 0 = -3*x + 49 + 95. What is the greatest common divisor of x and i?
16
Let a = 75 + -31. Calculate the highest common factor of a and 44.
44
Let d(q) = -q + 4 - 1 + 9. Let i be d(6). What is the highest common factor of i and 6?
6
Let f = -6 - -34. What is the greatest common factor of f and 252?
28
Suppose -18 = 3*k - 0*k. Let d be 3 - 6 - k - 1. Calculate the greatest common divisor of 8 and d.
2
Let x be 774/12 - 3/2. Calculate the greatest common divisor of x and 7.
7
Let o = -14 + 18. Suppose 3 = -n - o*d, d - 4*d - 1 = n. Calculate the highest common factor of 5 and n.
5
Suppose -3*q - 5*z + 9 = -2*q, -10 = 5*z. Suppose y = k + 80, -4*y - 36 + 336 = k. What is the greatest common factor of y and q?
19
Suppose 5*t = 2*z + 49, 3*t = -0*t + 2*z + 31. Suppose t = -3*u, -17 = -l - 0*l + 5*u. Calculate the highest common factor of 10 and l.
2
Let r be (-44)/(-2) + (2 - (4 + 0)). What is the highest common divisor of 10 and r?
10
Suppose 0*l - 4*l - 44 = 0. Let v = l - -7. Let s be (-54)/v*(-14)/(-3). Calculate the highest common factor of 9 and s.
9
Let w = 3 + -10. Let m = w - -22. Let z be 3/(-9) - 3472/(-21). Calculate the highest common divisor of m and z.
15
Let s = 9 + 3. Let u be 217/3 + (-4)/s. What is the highest common divisor of 8 and u?
8
Let q = -24 - -60. Suppose -2*j = 2*j - q. Suppose -4*a = -7*a + 189. Calculate the greatest common divisor of a and j.
9
Let p be 22 - 1/(1/2). Let i = 65 - p. Let y = i + -22. What is the highest common divisor of 69 and y?
23
Let f be (2 + 3)*(-66)/(-10). What is the highest common divisor of f and 11?
11
Let p = 20 - 15. Suppose -2*a - p = -29. Calculate the greatest common factor of 60 and a.
12
Suppose 0*h - t + 55 = 2*h, 0 = -5*t - 25. Suppose 141 + 69 = 3*c + 3*s, -5*c + 395 = -4*s. What is the greatest common divisor of h and c?
15
Let p(x) = 10*x**2 - x. Suppose 5*i + 2 + 8 = 0. Let o be p(i). Let z be 13/1*1 - -1. What is the highest common divisor of o and z?
14
Let m = -13 + 7. Let v = 86 + m. Suppose -v = -3*w - t, t = -4*w + 87 + 21. Calculate the highest common divisor of w and 4.
4
Let u(p) = -p**3 - 11*p**2 - 14*p - 8. Let g be u(-10). Calculate the greatest common divisor of g and 4.
4
Let a be ((-4)/(-6))/((-7)/(-42)). Let o be (-6)/3*(-1 + -21). What is the greatest common factor of o and a?
4
Let j(q) = -5*q - 24. Let l be j(-10). Calculate the greatest common divisor of 78 and l.
26
Let z(u) = -9*u + 1. Let x(q) = -9*q + 1. Let b(r) = 6*x(r) - 5*z(r). Let l be b(-2). Let o = 76 - l. Calculate the highest common divisor of o and 19.
19
Let q be -36*((-27)/6 + 4). What is the highest common factor of q and 2?
2
Let z = 10 - 4. Let a be 464/z + (-1)/3. What is the highest common factor of 7 and a?
7
Let x = 27 + 1. Calculate the greatest common divisor of x and 14.
14
Let w(j) = 6*j**3 + j**2 - 2*j + 2. Let z be w(2). What is the highest common factor of z and 20?
10
Let r(a) be the third derivative of a**6/60 - a**5/20 + a**3/6 - 2*a**2. Let q be r(4). What is the greatest common divisor of 9 and q?
9
Suppose 2*m = 4*m + 4, 3*m - 27 = -3*y. Suppose 0*b - 16 = -4*b, -s - 2*b + 19 = 0. Calculate the greatest common divisor of y and s.
11
Let z be (-4)/(6/21 + 0). Let j be (-1)/(-2)*(-4 - z). Suppose -4*s + j = -23. What is the greatest common divisor of s and 21?
7
Suppose -3*q + 2*j + 167 = -6, -259 = -5*q - 4*j. Suppose 5*u + 52 = 4*k - 1, 0 = -5*k - 5*u + q. Calculate the greatest common divisor of 6 and k.
6
Let c(h) = -2*h**2 - 2*h - 3. Let l be c(3). Suppose -4*o = 3*m + 46, 6*m = 4*o + m + 62. Let a = o - l. Calculate the highest common factor of 70 and a.
14
Suppose -5*w + 0*j = 5*j - 30, 0 = 4*w - 3*j - 24. Let u = 21 - 33. Let k be (4/u)/((-3)/36). What is the greatest common divisor of k and w?
2
Let c be 2/(-1)*(-66)/12. What is the highest common divisor of 99 and c?
11
Suppose o - 25 = 3*u - 157, 0 = 3*o - 9. Suppose -u = -a - 2*a. What is the highest common divisor of 6 and a?
3
Let z(x) = x**2 - 6*x + 12. Let n be z(10). Suppose -26 = -2*b - 0*b. Calculate the greatest common divisor of b and n.
13
Suppose 0 = -3*n + 3 - 18, 3*l - 3*n = 69. Let y = -13 + l. Suppose d - 1 = y. Calculate the highest common divisor of d and 48.
6
Let y = 81 + -53. Calculate the greatest common divisor of 14 and y.
14
Suppose 3*f - 9 = -5*c, f + 5 = 5*c + 6*f. Suppose 3*z + z - 3 = c*d, -3 = -4*d + 3*z. Let n be 2/(-2 + d) + 3. Calculate the greatest common factor of 5 and n.
5
Let o = -4 + 3. Let j be 3 - (-7 - -3)/(-1). Let r be (-11)/o - (j - -3). What is the greatest common factor of r and 81?
9
Suppose 0 = 2*g + 3*j - 32, 0 = -4*g - 9*j + 4*j + 64. Let p be g/(-12)*585/(-6). What is the greatest common factor of p and 52?
26
Suppose -f - 5 - 3 = 0. Let k be 66/f*(-40)/15. Calculate the greatest common divisor of 66 and k.
22
Let n(w) = -4 - 1 + 4. Let m(b) = -4*b - 5. Let z(a) = m(a) - 2*n(a). Let k be z(-3). What is the greatest common factor of k and 3?
3
Let b(n) = 12*n**2 - n - 4. Let d be b(4). What is the highest common factor of 23 and d?
23
Let o be (-1)/(-1*(-2)/(-26)). Let w(j) = j**3 - 15*j**2 + 13*j - 52. Let c be w(15). Calculate the highest common divisor of o and c.
13
Suppose 65 = 5*a + 4*c, -a = -4*c - c + 16. Suppose f + 0*f = -5